
False
Is 347000 a multiple of 197?
False
Does 143 divide 8260824?
True
Is 1670340 a multiple of 287?
True
Is 2 a factor of 11954?
True
Is 350 a factor of 432600?
True
Is 37148 a multiple of 28?
False
Is 94 a factor of 240546?
True
Does 72 divide 32698?
False
Does 12 divide 13829326?
False
Does 280 divide 46970?
False
Is 13 a factor of 1485315?
True
Is 50 a factor of 40641?
False
Is 1005235 a multiple of 92?
False
Is 491 a factor of 11463998?
False
Is 178171 a multiple of 6?
False
Is 211763 a multiple of 106?
False
Does 149 divide 127355?
False
Does 20 divide 388760?
True
Does 5 divide 1305880?
True
Does 10 divide 1972739?
False
Is 220 a factor of 119680?
True
Is 983268 a multiple of 15?
False
Is 26 a factor of 60528?
True
Is 34 a factor of 2033710?
True
Does 42 divide 78330?
True
Is 403387 a multiple of 512?
False
Is 5 a factor of 870951?
False
Does 93 divide 82985?
False
Is 1498652 a multiple of 17?
True
Does 24 divide 1459200?
True
Is 27 a factor of 7373673?
True
Is 104 a factor of 43056?
True
Is 550123 a multiple of 763?
True
Is 4495540 a multiple of 163?
True
Is 2847 a multiple of 73?
True
Is 221 a factor of 2043174?
False
Is 1963868 a multiple of 115?
False
Is 452 a factor of 548728?
True
Is 817 a factor of 193796?
False
Is 1698343 a multiple of 71?
False
Is 10 a factor of 666079?
False
Does 16 divide 3833918?
False
Is 158 a factor of 6233100?
True
Is 160066 a multiple of 54?
False
Is 421695 a multiple of 12?
False
Is 19 a factor of 376827?
True
Is 20 a factor of 1107148?
False
Is 4 a factor of 35845?
False
Is 11 a factor of 184827?
False
Is 13 a factor of 289978?
True
Does 83 divide 17559895?
True
Does 19 divide 3920840?
True
Is 2 a factor of 257304?
True
Is 302883 a multiple of 21?
True
Is 65785 a multiple of 2?
False
Is 204 a factor of 1319374?
False
Is 45 a factor of 14535?
True
Does 25 divide 726125?
True
Does 1248 divide 1082016?
True
Is 6 a factor of 4444410?
True
Does 1473 divide 390345?
True
Does 7 divide 200578?
True
Is 11 a factor of 1125014?
True
Is 8 a factor of 4979464?
True
Is 395876 a multiple of 919?
False
Is 423564 a multiple of 47?
True
Is 202716 a multiple of 318?
False
Does 163 divide 819918?
False
Is 38 a factor of 405042?
True
Is 784168 a multiple of 836?
True
Is 326 a factor of 2699540?
False
Is 4565 a multiple of 78?
False
Is 3401844 a multiple of 14?
False
Is 426862 a multiple of 338?
False
Is 50 a factor of 400125?
False
Is 323447 a multiple of 210?
False
Is 21269500 a multiple of 1442?
True
Does 341 divide 134426?
False
Is 88156 a multiple of 15?
False
Does 104 divide 690664?
True
Does 80 divide 5204800?
True
Does 28 divide 1563604?
True
Does 6 divide 121573?
False
Does 41 divide 116256?
False
Is 85 a factor of 11514100?
True
Is 17 a factor of 2046175?
False
Is 102436 a multiple of 26?
False
Is 14 a factor of 297727?
False
Is 186 a factor of 2609022?
True
Does 246 divide 253816?
False
Is 25779527 a multiple of 77?
False
Does 8 divide 6440?
True
Is 134 a factor of 667776?
False
Is 1809 a factor of 16885077?
False
Is 3267135 a multiple of 15?
True
Is 11 a factor of 843342?
False
Is 375 a factor of 3416350?
False
Is 97 a factor of 53447?
True
Is 43 a factor of 117910?
False
Is 35 a factor of 1195775?
True
Is 18011728 a multiple of 22?
False
Does 20 divide 1782620?
True
Is 126453 a multiple of 183?
True
Does 150 divide 11856001?
False
Is 57 a factor of 97442?
False
Does 5 divide 1996334?
False
Is 203 a factor of 6977053?
False
Is 224910 a multiple of 153?
True
Is 175739 a multiple of 52?
False
Is 3224215 a multiple of 1095?
False
Is 14030 a multiple of 22?
False
Is 364 a factor of 189644?
True
Does 113 divide 4029291?
False
Does 45 divide 1301670?
True
Is 95 a factor of 10446200?
True
Is 239 a factor of 237805?
True
Does 9 divide 139820?
False
Is 110 a factor of 2042992?
False
Does 12 divide 232852?
False
Is 2012670 a multiple of 190?
True
Is 221 a factor of 27625?
True
Is 8006152 a multiple of 7?
True
Is 1313173 a multiple of 27?
False
Is 605615 a multiple of 15?
False
Is 170 a factor of 1152879?
False
Does 73 divide 3845640?
True
Is 22 a factor of 595452?
True
Does 26 divide 1276600?
True
Is 1871634 even?
True
Is 52698 a multiple of 10?
False
Is 6804810 a multiple of 93?
True
Does 96 divide 2273088?
True
Does 184 divide 261280?
True
Is 138039 a multiple of 9?
False
Is 8 a factor of 138888?
True
Is 146 a factor of 4148373?
False
Is 12775 a multiple of 35?
True
Is 1603550 a multiple of 50?
True
Does 271 divide 356636?
True
Does 8 divide 1152512?
True
Does 22 divide 11963445?
False
Does 116 divide 220284?
True
Is 285 a factor of 947340?
True
Is 30905042 a multiple of 413?
False
Is 28183 a multiple of 6?
False
Is 34 a factor of 621633?
False
Is 6 a factor of 10810?
False
Does 65 divide 6534385?
True
Does 17 divide 595?
True
Does 128 divide 103168?
True
Is 43 a factor of 14554382?
True
Is 20 a factor of 235720?
True
Is 552877 a multiple of 131?
False
Is 30 a factor of 6375403?
False
Is 208 a factor of 853840?
True
Is 25 a factor of 75977?
False
Is 1247886 a multiple of 162?
True
Is 1407 a factor of 5087982?
False
Is 30 a factor of 44922?
False
Does 371 divide 1171989?
True
Is 12 a factor of 77794?
False
Does 9 divide 3238915?
False
Is 1151 a factor of 6865851?
False
Is 59 a factor of 236898?
False
Does 13 divide 8629133?
False
Is 23 a factor of 2381157?
False
Does 241 divide 155686?
True
Is 111 a factor of 1293372?
True
Is 2203035 a multiple of 975?
False
Does 1696 divide 8419611?
False
Is 8415 a multiple of 255?
True
Is 18 a factor of 80661?
False
Is 391960 a multiple of 344?
False
Does 7 divide 945577?
False
Does 8 divide 21997?
False
Is 14 a factor of 23313752?
True
Does 535 divide 13026180?
True
Does 259 divide 689717?
True
Does 124 divide 241428?
True
Is 1143740 a multiple of 23?
False
Is 32 a factor of 97641?
False
Is 5546205 a multiple of 105?
True
Does 181 divide 78011?
True
Is 21877 a multiple of 5?
False
Is 2648284 a multiple of 48?
False
Is 62640 a multiple of 72?
True
Does 506 divide 1149765?
False
Is 2767128 a multiple of 156?
True
Is 897 a factor of 325611?
True
Is 403630 a multiple of 223?
True
Does 83 divide 331336?
True
Is 68 a factor of 6066008?
True
Is 21 a factor of 6099203?
False
Is 240334 a multiple of 191?
False
Is 11423060 a multiple of 896?
False
Is 7871660 a multiple of 20?
True
Is 853 a factor of 1489440?
False
Is 59122 a multiple of 82?
True
Is 86 a factor of 102684?
True
Is 130908 a multiple of 127?
False
Is 15707592 a multiple of 306?
True
Does 8 divide 43734?
False
Is 3 a factor of 145972?
False
Is 39 a factor of 227629?
False
Does 186 divide 688265?
False
Is 5 a factor of 2336688?
False
Does 642 divide 3376920?
True
Is 395830 a multiple of 532?
False
Does 683 divide 617827?
False
Is 141093 a multiple of 105?
False
Does 5 divide 2679406?
False
Does 147 divide 391067?
False
Is 45 a factor of 137143?
False
Is 98 a factor of 1376508?
True
Is 176785 a multiple of 5?
True
Is 4267510 a multiple of 442?
True
Is 15 a factor of 53325?
True
Is 17 a factor of 47515?
True
Is 221088 a multiple of 24?
True
Does 381 divide 905749?
False
Is 52 a factor of 16453?
False
Is 43 a factor of 43534?
False
Is 256825 a multiple of 306?
False
Does 41 divide 65834?
False
Is 4 a factor of 309243?
False
Is 104782 a multiple of 7?
False
Does 130 divide 723225?
False
Does 8 divide 87048?
True
Is 57 a factor of 263340?
True
Is 703 a factor of 7185492?
False
Is 801861 a multiple of 19?
False
Is 433340 a multiple of 79?
False
Is 11915484 a multiple of 14?
True
Is 633 a factor of 344345?
False
Is 7187199 a multiple of 16?
False
Is 2075810 a multiple of 565?
True
Is 108 a factor of 494748?
True
Does 76 divide 2400230?
False
Does 5 divide 82272?
False
Is 80 a factor of 654800?
True
Is 11 a factor of 407759?
True
Does 33 divide 13553529?
True
Does 402 divide 1220857?
False
Does 266 divide 54986?
False
Is 153909 a multiple of 9?
True
Is 8 a factor of 9?
False
Does 17 divide 2155251?
False
Is 45 a factor of 54906?
False
Is 2844 a factor of 23929416?
True
Is 688083 a multiple of 109?
False
Is 2 a factor of 119386?
True
Does 147 divide 4680921?
True
Is 20 a factor of 1120620?
True
Is 17 a factor of 51340?
True
Is 3551183 a multiple of 313?
False
Does 337 divide 67153?
False
Is 28 a factor of 13887?
False
Is 16 a factor of 